is the greatest common divisor of 54 and 351?
27
Calculate the greatest common factor of 25410 and 22.
22
What is the highest common divisor of 14 and 11158?
14
What is the highest common divisor of 576 and 40?
8
Calculate the greatest common factor of 4 and 101.
1
What is the greatest common divisor of 174 and 667?
29
What is the greatest common divisor of 564 and 12?
12
What is the highest common factor of 147 and 189?
21
What is the highest common divisor of 42 and 114?
6
Calculate the greatest common factor of 57 and 437.
19
What is the greatest common divisor of 574 and 14063?
287
Calculate the greatest common factor of 17127 and 99.
99
Calculate the greatest common divisor of 126 and 306.
18
What is the greatest common factor of 1715 and 25?
5
What is the greatest common divisor of 25995 and 30?
15
Calculate the highest common factor of 369 and 1025.
41
What is the greatest common factor of 32 and 18464?
32
Calculate the greatest common factor of 2601 and 1224.
153
Calculate the greatest common divisor of 882 and 98.
98
Calculate the greatest common divisor of 189 and 18.
9
What is the greatest common factor of 630 and 12810?
210
What is the highest common factor of 30 and 1860?
30
What is the greatest common divisor of 12 and 2268?
12
Calculate the highest common factor of 96 and 204.
12
What is the greatest common divisor of 15 and 1473?
3
What is the highest common divisor of 1524 and 11049?
381
Calculate the highest common factor of 52 and 1079.
13
Calculate the greatest common factor of 2 and 208.
2
What is the highest common factor of 80 and 96?
16
Calculate the greatest common divisor of 84 and 15078.
42
What is the highest common divisor of 1909 and 23?
23
What is the greatest common factor of 60 and 144?
12
Calculate the greatest common divisor of 40421 and 1948.
487
What is the greatest common factor of 9548 and 154?
154
Calculate the highest common factor of 92 and 4.
4
Calculate the highest common divisor of 54 and 1107.
27
Calculate the greatest common divisor of 2086 and 56.
14
Calculate the greatest common factor of 182 and 3136.
14
What is the greatest common divisor of 114 and 494?
38
What is the highest common factor of 21 and 168?
21
Calculate the highest common factor of 5274 and 6.
6
Calculate the greatest common divisor of 987 and 5217.
141
What is the highest common divisor of 2 and 816?
2
Calculate the highest common factor of 14 and 98.
14
What is the highest common divisor of 15942 and 12?
6
Calculate the highest common divisor of 62 and 18631.
31
Calculate the greatest common divisor of 756 and 81.
27
What is the greatest common factor of 5300 and 159?
53
Calculate the highest common divisor of 265 and 901.
53
Calculate the greatest common factor of 624 and 39.
39
Calculate the highest common divisor of 1403 and 244.
61
Calculate the greatest common factor of 544 and 680.
136
Calculate the greatest common factor of 979 and 33.
11
What is the highest common divisor of 15515 and 10?
5
Calculate the highest common factor of 28 and 5761.
7
Calculate the highest common divisor of 6 and 462.
6
What is the highest common factor of 48 and 1524?
12
Calculate the highest common factor of 14122 and 184.
46
What is the greatest common factor of 172 and 2236?
172
Calculate the greatest common factor of 153 and 36.
9
What is the greatest common divisor of 32 and 244?
4
What is the greatest common divisor of 1260 and 72?
36
What is the highest common factor of 704 and 16?
16
What is the greatest common divisor of 22 and 165?
11
What is the highest common factor of 7909 and 33?
11
What is the highest common divisor of 261 and 145?
29
Calculate the highest common divisor of 451 and 22.
11
What is the highest common factor of 1843 and 388?
97
Calculate the greatest common factor of 104 and 16718.
26
What is the greatest common factor of 19 and 893?
19
What is the highest common divisor of 80 and 40?
40
Calculate the highest common factor of 9 and 849.
3
Calculate the greatest common divisor of 24 and 6.
6
What is the highest common divisor of 14 and 16?
2
What is the greatest common divisor of 2592 and 24?
24
Calculate the highest common divisor of 62 and 34.
2
What is the highest common factor of 208 and 16?
16
What is the highest common factor of 108 and 108?
108
What is the greatest common divisor of 143 and 13?
13
What is the highest common divisor of 12640 and 560?
80
What is the greatest common divisor of 1053 and 27?
27
Calculate the greatest common divisor of 608 and 38.
38
What is the greatest common divisor of 230 and 30?
10
What is the greatest common divisor of 391 and 527?
17
What is the greatest common divisor of 400 and 80?
80
Calculate the greatest common divisor of 102 and 1734.
102
What is the greatest common divisor of 7482 and 174?
174
Calculate the highest common divisor of 27 and 2403.
27
Calculate the greatest common divisor of 990 and 3762.
198
Calculate the greatest common divisor of 22 and 1925.
11
Calculate the greatest common factor of 27 and 111.
3
What is the greatest common factor of 32 and 41440?
32
Calculate the highest common divisor of 21 and 777.
21
Calculate the highest common factor of 9 and 63.
9
Calculate the greatest common divisor of 2809 and 159.
53
What is the greatest common divisor of 990 and 2178?
198
What is the highest common divisor of 3282 and 72?
6
What is the highest common divisor of 3960 and 9?
9
Calculate the greatest common divisor of 496 and 62.
62
What is the highest common factor of 2 and 21?
1
What is the greatest common divisor of 2628 and 360?
36
What is the greatest common divisor of 528 and 1617?
33
Calculate the highest common factor of 36 and 162.
18
What is the highest common factor of 14 and 399?
7
Calculate the highest common divisor of 861 and 42.
21
Calculate the highest common factor of 22 and 2134.
22
What is the highest common factor of 25 and 5?
5
What is the greatest common divisor of 186 and 6?
6
Calculate the greatest common factor of 2 and 172.
2
Calculate the highest common divisor of 26 and 18.
2
Calculate the greatest common factor of 29 and 3277.
29
Calculate the greatest common factor of 255 and 459.
51
Calculate the greatest common divisor of 1608 and 24.
24
What is the greatest common factor of 532 and 304?
76
Calculate the highest common factor of 37 and 3737.
37
What is the highest common divisor of 137 and 9727?
137
What is the greatest common divisor of 42 and 2373?
21
Calculate the greatest common divisor of 1476 and 36.
36
What is the highest common divisor of 775 and 25?
25
What is the highest common divisor of 22 and 869?
11
What is the highest common divisor of 21776 and 32?
16
Calculate the highest common factor of 6831 and 27.
27
Calculate the greatest common factor of 96 and 3424.
32
What is the highest common factor of 6 and 8988?
6
What is the greatest common factor of 704 and 320?
64
Calculate the greatest common factor of 161 and 1869.
7
What is the highest common divisor of 72 and 5232?
24
What is the highest common factor of 484 and 88?
44
Calculate the greatest common factor of 1064 and 76.
76
Calculate the greatest common divisor of 24 and 768.
24
What is the greatest common divisor of 83 and 6?
1
What is the greatest common factor of 1411 and 83?
83
What is the greatest common divisor of 1712 and 12?
4
What is the greatest common divisor of 4 and 859?
1
What is the highest common divisor of 975 and 225?
75
What is the highest common divisor of 1737 and 1544?
193
Calculate the highest common divisor of 56 and 434.
14
Calculate the highest common factor of 720 and 1296.
144
Calculate the highest common divisor of 288 and 108.
36
Calculate the greatest common divisor of 1608 and 192.
24
What is the greatest common divisor of 531 and 28497?
177
Calculate the highest common factor of 2030 and 42.
14
Calculate the greatest common divisor of 63 and 588.
21
What is the highest common factor of 34 and 68?
34
What is the greatest common divisor of 34240 and 64?
64
What is the greatest common factor of 3353 and 14?
7
What is the greatest common divisor of 42 and 1?
1
Calculate the highest common divisor of 291 and 776.
97
Calculate the highest common divisor of 85 and 2635.
85
Calculate the greatest common factor of 150 and 25.
